{"id":4241,"date":"2020-05-29T11:32:04","date_gmt":"2020-05-29T09:32:04","guid":{"rendered":"http:\/\/sigillarium.pl\/?page_id=4241"},"modified":"2022-03-13T14:33:56","modified_gmt":"2022-03-13T13:33:56","slug":"wielkopolski-epizod","status":"publish","type":"page","link":"https:\/\/sigillarium.pl\/index.php\/wielkopolski-epizod\/","title":{"rendered":"Wielkopolski epizod"},"content":{"rendered":"\n<hr class=\"wp-block-separator\"\/>\n\n\n\n<h2 class=\"has-text-align-center has-vivid-red-color has-text-color wp-block-heading\" style=\"font-size:22px\"><strong>Theodor von Heppe<br>(1870 &#8211; 1954)<\/strong><\/h2>\n\n\n\n<div style=\"height:16px\" aria-hidden=\"true\" class=\"wp-block-spacer\"><\/div>\n\n\n\n<p><p style=\"text-align: justify\">&nbsp;&nbsp;&nbsp;&nbsp;Urodzi\u0142 si\u0119 2 grudnia 1870 r. w Marienwerder (Prusy Zachodnie). Zmar\u0142 &nbsp;2 sierpnia 1954 r. w Poczdamie. Pochodzi\u0142 z rodziny szlacheckiej posiadaj\u0105cej korzenie w Hesji. By\u0142 synem Adolfa von Heppe (1836-1899) i Wilhelmine Butterweck. <br> <br>&nbsp;&nbsp;&nbsp;&nbsp;Po studiach prawniczych na uniwersytecie w Lozannie, Lipsku, Berlinie i Marburgu, uko\u0144czy\u0142 w 1892 roku edukacj\u0119 egzaminem pa\u0144stwowym. W &nbsp;tym samym roku wst\u0105pi\u0142 do s\u0142u\u017cby wojskowej i po trzech latach zosta\u0142 porucznikiem rezerwy w 9 Regimencie Huzar\u00f3w Nadre\u0144skich. W 1897 roku zaproponowano mu stanowisko Asesora Rz\u0105dowego w s\u0142u\u017cbie cywilnej Starostwa Powiatowego w Trewirze (w pruskiej Nadrenii ). Od 1899 do 1902 roku pracowa\u0142 jako wysoki urz\u0119dnik pa\u0144stwowy na wyspie Helgoland w by\u0142ej prowincji pruskiej Szlezwiku-Holsztynie. <br><br>&nbsp;&nbsp;&nbsp;W latach 1901 i 1902 uda\u0142 si\u0119 na wyjazdy studyjne do Indii, Cejlonu (obecnie Sri Lanka) i Egiptu.   Po powrocie kontynuowa\u0142 prac\u0119 jako oficer szkoleniowy. Awansowa\u0142 &nbsp;w 1902 r. &nbsp;do Rz\u0105dowej Rady Wy\u017cszej (Regierungsrat) we Wroc\u0142awiu. W 1903 roku zosta\u0142 mianowany Administratorem Rejonowym w mie\u015bcie Poznaniu, a nast\u0119pnie administratorem powiatu wschowskiego (1904-1914). W trakcie pe\u0142nienia tej funkcji wchodzi\u0142 w sk\u0142ad &#8222;Komitetu Budowy Kolumny Bismarcka dla Miasta i Powiatu Wschowskiego&#8221;. Uroczyste po\u015bwi\u0119cenie przywo\u0142anej Kolumny odby\u0142o si\u0119 25 czerwca 1905 r., a Landrat Theodor von Heppe wyg\u0142osi\u0142 okoliczno\u015bciowe przem\u00f3wienie. By\u0142 on tak\u017ce wsp\u00f3lnie z trzema obszarnikami fundatorem p\u0142askorze\u017aby z br\u0105zu, kt\u00f3ra zdobi\u0142a Kolumn\u0119.  <br \/><\/p>\n\n\n\n<div style=\"height:20px\" aria-hidden=\"true\" class=\"wp-block-spacer\"><\/div>\n\n\n\n<div class=\"wp-block-columns is-layout-flex wp-container-core-columns-is-layout-9d6595d7 wp-block-columns-is-layout-flex\">\n<div class=\"wp-block-column is-layout-flow wp-block-column-is-layout-flow\" style=\"flex-basis:20%\"><\/div>\n\n\n\n<div class=\"wp-block-column is-layout-flow wp-block-column-is-layout-flow\">\n<figure class=\"wp-block-image size-large\"><img loading=\"lazy\" decoding=\"async\" width=\"523\" height=\"555\" src=\"http:\/\/sigillarium.pl\/wp-content\/uploads\/2020\/05\/Theodor-von-Heppe-t\u0142ok.jpg\" alt=\"\" class=\"wp-image-4257\" srcset=\"https:\/\/sigillarium.pl\/wp-content\/uploads\/2020\/05\/Theodor-von-Heppe-t\u0142ok.jpg 523w, https:\/\/sigillarium.pl\/wp-content\/uploads\/2020\/05\/Theodor-von-Heppe-t\u0142ok-283x300.jpg 283w\" sizes=\"auto, (max-width: 523px) 100vw, 523px\" \/><\/figure>\n\n\n\n<p class=\"has-text-align-center\"><br>Il. 1. T\u0142ok piecz\u0119tny  Theodora von Heppe <br>(fot. M. Kopniak) <\/p>\n<\/div>\n\n\n\n<div class=\"wp-block-column is-layout-flow wp-block-column-is-layout-flow\" style=\"flex-basis:1%\"><\/div>\n\n\n\n<div class=\"wp-block-column is-layout-flow wp-block-column-is-layout-flow\">\n<div class=\"wp-block-image\"><figure class=\"aligncenter size-large is-resized\"><img loading=\"lazy\" decoding=\"async\" src=\"http:\/\/sigillarium.pl\/wp-content\/uploads\/2020\/06\/Theodor-von-Heppe-herb.jpg\" alt=\"\" class=\"wp-image-4597\" width=\"176\" height=\"213\" srcset=\"https:\/\/sigillarium.pl\/wp-content\/uploads\/2020\/06\/Theodor-von-Heppe-herb.jpg 324w, https:\/\/sigillarium.pl\/wp-content\/uploads\/2020\/06\/Theodor-von-Heppe-herb-247x300.jpg 247w\" sizes=\"auto, (max-width: 176px) 100vw, 176px\" \/><\/figure><\/div>\n\n\n\n<p class=\"has-text-align-center\">Il. 2. Herb rodziny<br>von Heppe<\/p>\n<\/div>\n\n\n\n<div class=\"wp-block-column is-layout-flow wp-block-column-is-layout-flow\" style=\"flex-basis:20%\"><\/div>\n<\/div>\n\n\n\n<p><p style=\"text-align: justify\">&nbsp;&nbsp;&nbsp;&nbsp; W dniu 2 stycznia 1904 r. o\u017ceni\u0142 si\u0119 w Berlinie z Wilhelmine Koenig c\u00f3rk\u0105 pruskiego kr\u00f3lewskiego radcy Gustava Koeniga. Urz\u0105d administratora powiatu wschowskiego pe\u0142ni\u0142 przez 11 lat do 1914 r. W tym samym roku &nbsp;zosta\u0142 awansowany na przedstawiciela Przewodnicz\u0105cego Kr\u00f3lewsko \u2013 Pruskiej Komisji Rozliczeniowej w Poznaniu. <br><br>&nbsp;&nbsp;&nbsp;&nbsp;Po wybuchu I wojny \u015bwiatowej od sierpnia 1914 r. by\u0142 zatrudniony jako kapitan Landwehry w stopniu adiutanta dow\u00f3dcy zaopatrzenia amunicyjnego 8. Armii, a p\u00f3\u017aniej 9. Armii. Od 1917 roku by\u0142 szefem administracji wojskowej Bia\u0142ystok-Grodno, a w 1918 szefem administracji wojskowej w Wilnie. Sprzyja\u0142 secesji Litwy od Rosji i przywr\u00f3ceniu &#8222;niezale\u017cnego&#8221; pa\u0144stwa litewskiego ze stolic\u0105 w Wilnie, lojalnego wobec Rzeszy Niemieckiej i walcz\u0105cego z Armi\u0105 Czerwon\u0105 i oddzia\u0142ami polskimi.<br><br>\n&nbsp;&nbsp;&nbsp;&nbsp;Po wojnie w 1918 roku zosta\u0142 mianowany prezydentem jednego z powiat\u00f3w Wschodniej Fryzji, kt\u00f3ra nale\u017ca\u0142a do pruskiej prowincji Hanower. W 1922 r., zosta\u0142 mianowany szefem (Krongutsverwaltung) w Berlinie. W 1923 r. przeni\u00f3s\u0142 si\u0119 do mieszkania by\u0142ego dyrektora tej instytucji, mieszcz\u0105cego si\u0119 przy dziedzi\u0144cu parku zamkowego Sanssouci w Poczdamie. W 1924 roku zosta\u0142 awansowany na dyrektora, a w 1930 zosta\u0142 Wiceprezesem Pruskiej Komory Rozliczeniowej w Poczdamie. W 1935 r. przeszed\u0142 na emerytur\u0119. <\/p>\n\n\n\n<p>Medale i odznaczenia :<br> 1. Order Czerwonego Or\u0142a (4-tej klasy) <br> 2. Wielki Krzy\u017c Orderu Domu Albrechta Nied\u017awiedzia <br> 3. Krzy\u017c \u017belazny 2 i 1 klasy <br> 4. Krzy\u017c L\u00fcbeckisches Hanseatic <br> 5. Honorowy Medal Saksonia-Meinigische (za zas\u0142ugi w wojnie) <\/p>\n\n\n\n<p>Opracowanie: Mariusz Kopniak<br><br>\u017br\u00f3d\u0142a:<br>1. Za: Wikipedia.de<br>2. <a href=\"http:\/\/www.bismarcktuerme.de\/ebene4\/polen\/fraust_pl.html\">http:\/\/www.bismarcktuerme.de\/ebene4\/polen\/fraust_pl.html <\/a><\/p>\n","protected":false},"excerpt":{"rendered":"<p>Theodor von Heppe(1870 &#8211; 1954) &nbsp;&nbsp;&nbsp;&nbsp;Urodzi\u0142 si\u0119 2 grudnia 1870 r. w Marienwerder (Prusy Zachodnie). Zmar\u0142 &nbsp;2 sierpnia 1954 r. w Poczdamie. Pochodzi\u0142 z rodziny szlacheckiej posiadaj\u0105cej korzenie w Hesji.&hellip; <\/p>\n","protected":false},"author":1,"featured_media":4239,"parent":0,"menu_order":0,"comment_status":"closed","ping_status":"closed","template":"","meta":{"footnotes":""},"class_list":["post-4241","page","type-page","status-publish","has-post-thumbnail","hentry"],"_links":{"self":[{"href":"https:\/\/sigillarium.pl\/index.php\/wp-json\/wp\/v2\/pages\/4241","targetHints":{"allow":["GET"]}}],"collection":[{"href":"https:\/\/sigillarium.pl\/index.php\/wp-json\/wp\/v2\/pages"}],"about":[{"href":"https:\/\/sigillarium.pl\/index.php\/wp-json\/wp\/v2\/types\/page"}],"author":[{"embeddable":true,"href":"https:\/\/sigillarium.pl\/index.php\/wp-json\/wp\/v2\/users\/1"}],"replies":[{"embeddable":true,"href":"https:\/\/sigillarium.pl\/index.php\/wp-json\/wp\/v2\/comments?post=4241"}],"version-history":[{"count":38,"href":"https:\/\/sigillarium.pl\/index.php\/wp-json\/wp\/v2\/pages\/4241\/revisions"}],"predecessor-version":[{"id":19874,"href":"https:\/\/sigillarium.pl\/index.php\/wp-json\/wp\/v2\/pages\/4241\/revisions\/19874"}],"wp:featuredmedia":[{"embeddable":true,"href":"https:\/\/sigillarium.pl\/index.php\/wp-json\/wp\/v2\/media\/4239"}],"wp:attachment":[{"href":"https:\/\/sigillarium.pl\/index.php\/wp-json\/wp\/v2\/media?parent=4241"}],"curies":[{"name":"wp","href":"https:\/\/api.w.org\/{rel}","templated":true}]}}