{"id":8630,"date":"2020-08-31T22:54:24","date_gmt":"2020-08-31T20:54:24","guid":{"rendered":"https:\/\/sigillarium.pl\/?page_id=8630"},"modified":"2020-08-31T22:55:15","modified_gmt":"2020-08-31T20:55:15","slug":"pieczecie-urzedow-i-instytucji-powstanczych-zabor-austriacki-2","status":"publish","type":"page","link":"https:\/\/sigillarium.pl\/index.php\/pieczecie-urzedow-i-instytucji-powstanczych-zabor-austriacki-2\/","title":{"rendered":"Piecz\u0119cie urz\u0119d\u00f3w i instytucji powsta\u0144czych (zab\u00f3r austriacki)"},"content":{"rendered":"\n<hr class=\"wp-block-separator\"\/>\n\n\n\n<p>Zapraszamy do zaprezentowania w tej sekcji obiekt\u00f3w z Pa\u0144stwa kolekcji (zbior\u00f3w).<\/p>\n\n\n\n<hr class=\"wp-block-separator\"\/>\n","protected":false},"excerpt":{"rendered":"<p>Zapraszamy do zaprezentowania w tej sekcji obiekt\u00f3w z Pa\u0144stwa kolekcji (zbior\u00f3w).<\/p>\n","protected":false},"author":1,"featured_media":0,"parent":0,"menu_order":0,"comment_status":"closed","ping_status":"closed","template":"","meta":{"footnotes":""},"class_list":["post-8630","page","type-page","status-publish","hentry"],"_links":{"self":[{"href":"https:\/\/sigillarium.pl\/index.php\/wp-json\/wp\/v2\/pages\/8630","targetHints":{"allow":["GET"]}}],"collection":[{"href":"https:\/\/sigillarium.pl\/index.php\/wp-json\/wp\/v2\/pages"}],"about":[{"href":"https:\/\/sigillarium.pl\/index.php\/wp-json\/wp\/v2\/types\/page"}],"author":[{"embeddable":true,"href":"https:\/\/sigillarium.pl\/index.php\/wp-json\/wp\/v2\/users\/1"}],"replies":[{"embeddable":true,"href":"https:\/\/sigillarium.pl\/index.php\/wp-json\/wp\/v2\/comments?post=8630"}],"version-history":[{"count":2,"href":"https:\/\/sigillarium.pl\/index.php\/wp-json\/wp\/v2\/pages\/8630\/revisions"}],"predecessor-version":[{"id":8632,"href":"https:\/\/sigillarium.pl\/index.php\/wp-json\/wp\/v2\/pages\/8630\/revisions\/8632"}],"wp:attachment":[{"href":"https:\/\/sigillarium.pl\/index.php\/wp-json\/wp\/v2\/media?parent=8630"}],"curies":[{"name":"wp","href":"https:\/\/api.w.org\/{rel}","templated":true}]}}